t t(v) = -2*v**3 + 2*v**2. Give t(d).
-8
Let m = 4015 + -4028. Let s(j) be the first derivative of j**4/4 + 14*j**3/3 + 13*j**2/2 - 4*j - 2. Determine s(m).
-4
Let b(t) = -t**2 - 2*t - 9. Let y(o) = 280*o - 4. Let i be y(0). Give b(i).
-17
Let c(x) = 8 - x**3 - 11*x - 12*x**2 + 2*x**3 - 2*x**3. Suppose -83*q + 110 = -93*q. Give c(q).
8
Let p be ((3 - 1) + 0)/(46/(-4117)). Let z = -176 - p. Let i(v) = -1 - 2 - 5*v + v**2 + 0*v + 5. Give i(z).
-4
Let k(g) be the first derivative of g + 4/3*g**3 - 40 - g**2 - 1/4*g**4. What is k(3)?
4
Let p = -23564 + 23545. Let a(q) = q**3 + 16*q**2 - 54*q + 60. Calculate a(p).
3
Let r(a) = -a**3 + 270697 - 270719 - 8*a**2 - a**2 + 7*a. Calculate r(-10).
8
Let g(n) = 2*n**3 - 24*n**2 - 3*n + 2. Suppose -41*o + 45*o - 48 = 0. Give g(o).
-34
Let g(t) be the third derivative of t**5/60 - t**4/3 + t**3/3 + 1595*t**2. Give g(6).
-10
Let i = -4409 + 4468. Let p be 1*4*-2*-7. Let h = p - i. Let r(k) = -k**2 + k + 3. Give r(h).
-9
Let c be (-5 - 2) + 0 + 1. Let y(x) = -42380*x + 21196*x + 21187*x - 3. Determine y(c).
-21
Let o(a) = 2*a + 4. Let r(k) = 10*k + 26. Let b(m) = 6*o(m) - r(m). What is b(1)?
0
Let g(k) = -9*k**2 + k. Suppose 31 - 7 = 4*y. Let w(r) = 10*r**2 - r. Let j(q) = y*g(q) + 5*w(q). Suppose 0 = -1681*i + 1673*i - 16. Determine j(i).
-18
Let r(c) = -41*c**2 + c**3 + 1 + 2*c + 0 + 38*c**2. Let y = -5 - -7. Determine r(y).
1
Let c = -43 + 38. Let y(a) be the second derivative of a**4/12 + 7*a**3/6 + 2*a**2 - 82*a. Determine y(c).
-6
Let t(k) = -15 + 5622*k - 1874*k - 1870*k - 1 - 1870*k. Determine t(-17).
-152
Let m(f) be the third derivative of -f**6/144 + f**5/12 + 7*f**4/12 + 312*f**2. Let x(l) be the second derivative of m(l). Give x(9).
-35
Let t(m) = -m**2 - m - 13438 + 6*m + 26985 - 13481. Calculate t(-6).
0
Suppose -4*w = -3*d - 8, -529*w + 525*w + 8 = 5*d. Let x(j) be the first derivative of -1/3*j**3 - j - 10 - 3/2*j**w. What is x(-2)?
1
Let s(u) = -u + 5. Let p(y) = -y**3 + 5*y**2 + 17*y - 18. Let z be p(7). Suppose -5*f + 73 = z*h + 28, 0 = h - 5. Give s(f).
-1
Let w(s) = -16*s**2 - 41*s + 25. Let g(y) = -11*y**2 - 30*y + 17. Let b(p) = -7*g(p) + 5*w(p). Determine b(3).
-6
Let b(x) = -468*x + 25. Let u(s) = -1329*s + 76. Let m(d) = 17*b(d) - 6*u(d). What is m(3)?
23
Let t = 354 - 337. Suppose -4*w + c + 0*c = 9, -3*c = -2*w - t. Let u(l) = -4*l + 1. Let g(j) = 9*j - 3. Let h(d) = 2*g(d) + 5*u(d). Give h(w).
1
Let w(c) = 36 - c**3 + 4*c - 36 + 48*c**2 - 10*c**2 - 22*c**2 - 10*c**2 - 20. Let g be 50/8 - 2/8. Determine w(g).
4
Let s(n) = 15*n**2 - 16*n**2 - 34 - 5*n - 14*n**2 + 16*n**2. Determine s(-4).
2
Let s(a) = a**3 + 11*a**2 - 29*a - 40. Let j = 12329 + -12342. Give s(j).
-1
Let n(u) = 17*u**2 + u + 3. Suppose 0 = -22*x + 98 - 142. What is n(x)?
69
Let g(a) = 6*a - 2*a - 1 - a - 4*a + 3*a**2. Suppose 5*k + 3*b - 9 + 29 = 0, 0 = -4*k + 4*b + 16. Determine g(k).
3
Let x(c) = -10*c + 14. Let r be x(1). Let u(z) = z**3 + 11*z**2 - 27*z**2 + 15*z**2 - r*z. What is u(-3)?
-24
Let r(v) = v + 5. Let o = -1 + -3. Let h be r(o). Let m(j) = j - 9 - 2*j**2 - 10 + 47 + j - 4*j - 27. Calculate m(h).
-3
Let c(w) = 3*w - 22 - 21 + 67 + 4*w - 2*w. Give c(-6).
-6
Let m(o) = 46*o - 91. Let c(w) = -55*w + 83. Let u(q) = -6*c(q) - 7*m(q). Calculate u(-12).
43
Let j(i) = i**2 - 12*i - 7. Let q = 3113 + -3105. Calculate j(q).
-39
Let d(h) = 282*h**2 + 4*h - h**3 + 14*h - 76 - 98*h**2 - 106*h**2 - 99*h**2. Give d(-22).
12
Let t be 253152/1890 + (-4)/(-70). Suppose 136*y = t*y + 20. Let x(n) = n**2 - 9*n - 4. What is x(y)?
6
Let j(g) = -g**3 - 19*g**2 - 60*g + 6. Let m be 15*(1/(-2) - ((-63)/14 - -5)). Give j(m).
6
Let w(y) be the third derivative of -y**5/60 - 7*y**4/6 - 31*y**3/6 - 8*y**2 - 254. Determine w(-27).
-4
Let k = 0 - 3. Suppose -c = -3*h - 13, 3*c - 2 = c - 2*h. Let a(v) = v**2 - 8*v - 19 + 16 + c*v. Determine a(k).
18
Let f(p) = -5*p**3 - p + 4. Suppose -2*o - 22 = 4*b, -8*b + 10*b = -3*o - 25. Give f(b).
46
Let a be (1 + 2)/((-54)/(-144)). Let v(o) = -a*o + 24*o - 5*o - 9*o. Give v(1).
2
Let r(p) = -p - 73. Let t be r(-58). Let l(k) = -k**3 - 13*k**2 + 30*k - 2. Calculate l(t).
-2
Let z(s) = 1431*s**2 + 0*s + 5 - 1436*s**2 - s**3 - 2*s. Let j = 8 - 13. Calculate z(j).
15
Let j be 36/(-36) + (-1 - -8). Let i(z) = z**2 - 16*z - 19. What is i(j)?
-79
Let u(m) = m**3 + 8*m**2 - 4*m + 42. Suppose 0 = 27*q + 55*q + 738. Calculate u(q).
-3
Let z be (-1)/(-2)*-22 + 8*30/40. Let y(a) = a**2 - 3*a - 45. Calculate y(z).
-5
Let u(x) = -x**2 - 2*x + 1. Let a(o) be the first derivative of 2*o**3/3 + 3*o**2/2 + 100. Let p(k) = 2*a(k) + 3*u(k). Calculate p(-3).
12
Let p(j) = -35*j**3 - 22*j**2 - 5*j - 15. Let v(b) = 4*b**3 + 2*b**2. Let i(a) = p(a) + 9*v(a). Determine i(5).
-15
Suppose -8*a = a - 36. Suppose -p - a*p - 4*v = -65, 3*v + 15 = 0. Suppose 2*o - 14 = -n - n, 5*n = 4*o + p. Let j(m) = m**3 - 6*m**2 + 4*m. What is j(n)?
-5
Let a(c) = -c**3 - 4*c**2 - c - 3. Let t be a(-4). Let g(b) be the first derivative of -1/2*b**2 - 9/4*b**4 + 1/3*b**3 + 452 + b. What is g(t)?
-8
Let z(c) be the first derivative of c**4/4 + 2*c**3/3 - 5*c**2/2 + 3*c + 5081. Determine z(1).
1
Let m = -4 - -17. Let f(l) = 6*l + l + 14*l + 12 - m. What is f(1)?
20
Let h(a) = 15*a**2 + 24*a + 23. Let r(l) = -5*l**2 - 8*l - 8. Let z(k) = 4*h(k) + 11*r(k). Let t be z(-3). Let p(y) = 17 - t + 4 + 2*y. Give p(6).
8
Let f(x) = 2*x**2 + 19*x + 11. Let y be f(-9). Let w be (6*(-2)/16)/(y/24). Let t(k) = k**3 + 9*k**2 - 7. Give t(w).
-7
Let q(s) = s**2 + 7*s - 501. Let d be q(19). Let a(w) = -w**3 - 9*w**2 + w + 24. Give a(d).
-81
Let a(d) be the first derivative of -4*d**2 - 10*d + 434. Calculate a(8).
-74
Let h(q) = -39*q + 386*q**2 - 10 - 1245*q**2 + 430*q**2 + 434*q**2. Determine h(8).
-2
Let w(o) = -o - 5*o + 4*o - 14. Let m(z) = z**2 + 185*z + 2541. Let f be m(-15). Calculate w(f).
4
Let p(x) = -2032 + 11*x + x**2 + 1020 + 1025. Determine p(-10).
3
Let t(f) be the second derivative of 3 - 1/20*f**5 + 2*f - 2*f**2 + 2/3*f**4 - 5/6*f**3. Determine t(7).
10
Let b(y) = 5*y**2 + 54*y + 148. Let z be b(-6). Let q be ((-4)/(-2) + -3)*-1. Let o(h) = h**2 + 2 - 3*h - 2 + q - 4. Give o(z).
1
Let x(f) be the first derivative of f**3/3 + 2*f**2 - f - 212. Suppose 16 = -4*w + 4*y, -5*w = -0*y - y + 28. Let u be (-2)/(-6) - (-26)/w. What is x(u)?
-1
Let o(q) = 3*q**2 + 3*q + 3. Let b = -31 - -25. Let t be b/(-2)*(-2 - (-44)/12). Let a be t + -2 - 9 - -4. Calculate o(a).
9
Suppose -5*y = 2*k - 2, -3*k + 629 - 651 = -5*y. Let q(o) = -4*o**2 - 8*o + 18. Calculate q(y).
-14
Let c(p) = 78*p**3 + p - 1. Let z be c(1). Suppose -z*v = -77*v. Let b(t) = -2*t - t + t**3 + t**2 + 4*t + 1 - 2*t**2. What is b(v)?
1
Let n(o) be the first derivative of -o**4/4 + 11*o**3/3 - 10*o**2 + 4*o + 4304. Determine n(6).
64
Suppose -3*v + 51 = 33. Let b be 96/(-9) - ((-16)/v + 2). Let q be 78/10 + (-2)/b. Let n(z) = z**2 - 8*z + 9. What is n(q)?
9
Let a(b) = 2*b - 6. Suppose 0 = 2*d + 4*y - 32, 5*d - y = y + 116. Let i = 33 - d. Suppose -3*c + i = -4. Give a(c).
4
Let u(q) be the third derivative of -q**4/6 - 29*q**3/6 + 126*q**2 + 2. What is u(-8)?
3
Let q be (-4)/2 + 3/3. Let c(x) = x + 1. Let v(o) be the first derivative of o**3/3 + o**2/2 - o + 536. Let p(a) = q*v(a) + 6*c(a). Determine p(7).
-7
Suppose 252 = -21*w - 168. Let z be 8 + (0 - w)/(-4). Let f(x) = -x**3 - x**2 + 3*x + 3. What is f(z)?
-24
Let h(d) be the third derivative of 9*d - 1/60*d**5 - 1/6*d**3 - 1/60*d**6 + 0 + 1/12*d**4 - d**2. Let o = 1 - 3. Determine h(o).
7
Suppose 5*b - v - 13 = 0, 11*b + 16 = 13*b - 4*v. Let h(m) = -m. What is h(b)?
-2
Let b(h) = -163*h + 1512 + 23*h**2 - 1519 - h**3 + 0*h**3 + 14*h**2 + 29*h. What is b(4)?
-15
Let c(u) = -4 + 2 + 138*u**2 - 2*u - 112*u**2 - 1 - 47*u**2. Determine c(-1).
-22
Suppose 184*o = 220*o - 396. Let y(w) = -2*w - 23. Give y(o).
-45
Let h(t) = -4*t - 577. Let o(w) = 15*w + 2093. Let s(p) = -29*h(p) - 8*o(p). Suppose -n = -4*n - 12. Calculate s(n).
5
Let u(m) be the second derivative of -m**3/3 - 9*m**2 + m. Let g be (18/72)/((-5)/(-12)) + (-2576)/460. Calculate u(g).
-8
Let r(o) = -20*o - 24*o - 18*o**3 - 8*o**3 + 43*o - 1 + o**2. Let b(g) = 4*g + 71. Let d be b(-18). Calculate r(d).
27
Let o(t) = 56*t - 7. Suppose 0 = 18*n - 3152 + 3116. Give o(n).
105
Let